 = 3*m. What is the units digit of m?
7
What is the tens digit of -6 + 7 + (-444)/(1 - 3)?
2
Suppose 4*v - 2*v - 184 = 0. Suppose s + v = 5*s. What is the tens digit of s?
2
Suppose 9*a = -65 + 1127. What is the units digit of a?
8
Suppose -7*s + 2*s = 45. Let r = 11 + s. What is the units digit of r?
2
Suppose -2376 = -9*q - 2*q. What is the units digit of q?
6
Suppose b + 0*b + 3 = 0. What is the units digit of ((-1)/b)/(1/6)?
2
Let y = -40 - -129. Suppose 4*f + 4*z - 92 = 0, -f - y = -5*f - 5*z. What is the tens digit of f?
2
Let s be (8/(-6))/((-10)/225). Let d be 2*(s/4)/(-5). Let w = d + 4. What is the units digit of w?
1
Suppose -4*r = z - 135, -2*z + 67 = 4*r - 63. What is the tens digit of r?
3
Suppose 3*d - 1 - 14 = 0. Suppose d*h - 116 = h. Let j = -19 + h. What is the tens digit of j?
1
Let l(j) = j**3 - 13*j**2 + 2*j - 17. Suppose a = 3*p - 34, -3*p = 5*a - 77 + 13. What is the units digit of l(p)?
9
Let v(c) = c**2 - c - 1. Suppose 0 = 3*f - 16 + 4. Suppose 2*y + f*d + 17 = -3*y, -2*d - 6 = 0. What is the units digit of v(y)?
1
Let i = 3 + -1. Suppose -i*c + t = -0*t - 27, -3 = t. What is the tens digit of c?
1
Let p = 17 - -1. What is the tens digit of p?
1
Suppose 0 = 7*v - 2*v - 35. What is the units digit of v?
7
Suppose 5*s - 7 - 13 = 0. Let l(i) = -i**2 + 6*i - 5. What is the units digit of l(s)?
3
Suppose -32 = -n - 3*n. Let k = 3 - n. Let u = 8 + k. What is the units digit of u?
3
Let x(s) = 2*s - 14. Let w be x(10). Suppose 3*y - w = y. What is the units digit of y?
3
Let t = 91 + -51. Suppose m = 3*m - t. What is the units digit of 2*1 + m/5?
6
Let t(x) = -x - 1. Let w(a) = 2*a + 9. Let l(v) = t(v) + w(v). Let k be l(-8). Suppose k = -5*m - 4*f + 57 - 3, -4*f = 16. What is the units digit of m?
4
Suppose -13 = -3*c + 2. Suppose -b - c + 13 = 0. What is the units digit of b?
8
Let r be 1/(9/12)*6. Let v = r + -10. What is the units digit of 6/v - (-19)/1?
6
What is the units digit of 28 - (-4 - (1 - 4))?
9
Let c be (0 + 0)/(0 + 1). Let k(i) = -i**2 - i + 4. Let h be k(c). Suppose 4 = -h*m + 68. What is the tens digit of m?
1
What is the units digit of 2 + (4 - 5) - -7?
8
Suppose 0 = 6*t - 12*t + 42. What is the units digit of t?
7
Suppose t - 7 + 4 = 0, 2*r + 5*t + 21 = 0. Let z(b) = -3*b + 30. Let s(h) = -1. Let a(v) = r*s(v) - z(v). What is the units digit of a(8)?
2
Suppose 12 = 6*v - 2*v. Suppose 4*p + 5 = d + 26, -v*d - 18 = -3*p. Suppose p*q - w = -23 + 108, 68 = 4*q - 3*w. What is the units digit of q?
7
Suppose -g + 5*n = -8, 2*g + 2*g - 3*n = 32. What is the units digit of g?
8
Let o = 12 - 6. What is the units digit of o?
6
Let h(r) = r**2 + 2*r + 2. Suppose 21 = -2*x - 3*o - 2, -3*x + 5*o + 13 = 0. What is the tens digit of h(x)?
1
Let g = 5 - 0. What is the tens digit of ((-6)/g)/((-15)/350)?
2
Let c be (-5 + -1)/(6/4). What is the units digit of 1/(-2)*(-6 - c)?
1
Let d(w) = -w**2 + 2*w + 9. Let q be d(-9). Let h be (2/6)/((-5)/q). Let i = 2 + h. What is the units digit of i?
8
Suppose 0*d + 2*d = 4. Suppose -i + 16 = 3*p, i - 1 = d*p - 5. Suppose i*c = 3*o - 5, -4*o - c + 5*c = -8. What is the units digit of o?
3
Suppose 6*c = 2*c + 16. Let x(t) = c*t + 1 + t**2 - 1 - 1 + 9. What is the tens digit of x(-6)?
2
Suppose 2*g + x = -2*x + 15, 5*g = -5*x + 25. Suppose 4*n - 203 = -5*b, g = n - 3*n + 4. What is the tens digit of b?
3
Let m(p) = -5*p**2 + 45*p - 39. Let t(g) = -g**2 + 11*g - 10. Let i(z) = -2*m(z) + 9*t(z). What is the units digit of i(-12)?
4
Suppose -1 = -4*m + 379. Suppose 5*p + 3*j = p + 112, 3*p = -5*j + m. What is the tens digit of p?
2
Suppose z + 2*z = 63. Suppose 5*i + v = 39, -4*v - z - 15 = -4*i. What is the units digit of i?
8
Let r be 22/55 - 13/(-5). Suppose -5*h = -2*v + 13, 0 = -h - r + 6. What is the tens digit of v?
1
Let w be (-2)/(-5) - (-129)/15. Suppose -3 = -2*v - w. What is the units digit of (-2 - v)*2*4?
8
Let c(y) = y**2 - y - 2. Let a be c(2). Suppose 3*r = d + 22, 2*r - d - 12 - 2 = a. What is the units digit of r?
8
Let a = -10 - -3. Let q = a + 12. Suppose 0 = 3*n - 3, n = -i - n + q. What is the units digit of i?
3
What is the hundreds digit of (-4)/18 - (-4868)/36?
1
Let q(r) = -5*r**2 + r. Let n be q(-1). Let v = 2 + n. Let b(a) = -a**3 - 4*a**2 - 2*a - 3. What is the units digit of b(v)?
5
Let x(f) be the second derivative of f**4/12 + 5*f**2/2 + f. Let r be x(0). Suppose -r*o + o = -8. What is the units digit of o?
2
Let t = -601 - -1002. What is the tens digit of t?
0
What is the units digit of 1*4/(-10) + (-6792)/(-30)?
6
Suppose f = 4*f + 4*v - 92, -3*f = -2*v - 62. What is the tens digit of f?
2
Let o(y) = y**3 + 13*y**2 - 9*y - 1. What is the units digit of o(-8)?
1
Let f be 19/7 - 2/(-7). Suppose v - u = 5, v = -f*v + u + 17. Suppose 4*n + 15 = 3*w, 5*n + 16 - v = -3*w. What is the units digit of w?
1
Let u = -6 + 5. What is the tens digit of (u - 1)/(7/(-42))?
1
Let p(b) = b**3 + 2*b**2 + 3*b + 4. Let u(g) = 1. Let m(y) = -p(y) + 3*u(y). Let k be m(-2). Suppose -33 - 17 = -k*q. What is the units digit of q?
0
Suppose 11 - 83 = -2*h. What is the units digit of h?
6
Let r(q) be the third derivative of q**4/24 + 8*q**3/3 + 2*q**2. Let h be r(-11). Suppose -13 = h*o - 93. What is the tens digit of o?
1
Let z(y) = y**2 - 3*y + 1. Let q = 2 + 2. Suppose -q*s - 2*k + 12 = 0, -s + 2*k + 6 = -2. What is the units digit of z(s)?
5
Let y(a) be the second derivative of a**5/20 + 7*a**4/12 - a**3/6 - 3*a**2/2 + 2*a. Let m be y(-7). Let p(f) = f + 1. What is the units digit of p(m)?
5
Let g(p) = p**3 + 8*p**2 + 2*p - 2. Let y be g(-7). Suppose -2*d = -k - y, 0 = -k - 6 + 1. What is the units digit of d?
4
Suppose y = 3*x - 0*y - 13, 0 = 5*x + 3*y - 17. Let o = 16 + x. What is the tens digit of o?
2
Let s(w) = w**2 + w + 2. Let g be s(2). Let q = g - -3. What is the units digit of q?
1
Let t = -31 - 7. Let i = -26 - t. What is the units digit of i?
2
Suppose 2*a - 175 - 127 = 0. What is the units digit of a?
1
Suppose 6*l - 3*l = 30. What is the units digit of l?
0
Suppose -3*d - 10 = -a, 5*d + 12 = -0*d - 3*a. Let b = d + 6. What is the units digit of b?
3
Let y(q) = -q**2 - 11*q - 8. Let i be y(-10). Let s(l) = 2 + 2*l + 3 - 2 + i*l**2. What is the units digit of s(-2)?
7
Suppose -z = 11*z - 3384. What is the units digit of z?
2
Let a(n) = -n - 6. Let t be a(0). Let p = t + 8. What is the units digit of 13 - 4 - (-2)/p?
0
Let a be (5 - 0)/(10/10). What is the units digit of 276/20 - (-1)/a?
4
Let r = -6 - -8. Suppose -k - r*k = -129. What is the units digit of k?
3
Let x(t) = 22*t - 6. What is the units digit of x(8)?
0
Suppose 4*s + 5*n - 18 = 2*n, 2*s = 2*n + 16. Suppose a = 1, -a = -4*g - s*a + 13. What is the units digit of ((1 - g)*-2)/1?
2
Suppose -5*k = -0*k + b - 15, k = 2*b - 8. Suppose -5*o = -5*n - 85, 4*o - 8 = n - k*n. Let v = n + 21. What is the units digit of v?
9
What is the units digit of (-4)/3 + (-651)/(-9)?
1
Let g be (-5)/(-1)*368/20. Suppose 5*a + 5*l + 160 = 0, a - 4*a - 5*l = g. What is the units digit of -3*(a/6 + 3)?
8
Let s be (-1 + (-3)/(-9))*-3. Suppose -s*d + 30 = 3*d. What is the units digit of d?
6
Suppose -g = 0, k + 103 = 2*k - 2*g. What is the tens digit of k?
0
Let r = -1 - 2. Let k be (3 - 0) + (r - -1). Let d = k - -7. What is the units digit of d?
8
Suppose 1 = y, -n - 3*y + 0 + 8 = 0. Suppose 0*p = -5*p + 5, 0 = -n*j - 3*p + 33. What is the units digit of (4/j)/((-4)/(-18))?
3
Suppose 0 = -5*w - 3*t + 76 + 124, 5*w = t + 200. What is the tens digit of w?
4
Suppose -2*c - c - 24 = 0. Let w = 12 + c. What is the units digit of w?
4
Let i be 62/5 + 4/(-10). What is the units digit of (-3)/(-12) - (-249)/i?
1
Let n = 2 + 3. Suppose -56 = -n*b + 19. Let l = b - 10. What is the units digit of l?
5
Suppose 4*c = -2*g + 80, -g - 3*g = 3*c - 145. What is the units digit of g?
4
Suppose -k - 610 = -6*k. What is the units digit of k?
2
Let b = 3 + 1. Suppose 0 = b*d - 4 - 12. Suppose 0 = 4*m + 5*s - 19, -m - 2*m - d*s + 14 = 0. What is the units digit of m?
6
Let t = 6 - 3. Let f be (-4)/(-5)*(-10)/(-2). What is the units digit of (17/f)/(t/12)?
7
Let u(q) = -q**2 - 3*q - 2. Let x be u(-2). Suppose -3*m + 4*y = -11, 0 = -4*m - x*y - 4*y - 4. What is the units digit of m?
1
Suppose -b = h - 0*b + 1, 4*b = -h - 13. Suppose h*z - 5*z = -7